{"id":4,"date":"2016-01-05T18:17:48","date_gmt":"2016-01-05T18:17:48","guid":{"rendered":"http:\/\/www.uecvalltenes.com\/blog\/?page_id=4"},"modified":"2016-01-05T18:17:48","modified_gmt":"2016-01-05T18:17:48","slug":"sobre-el-club","status":"publish","type":"page","link":"http:\/\/www.uecvalltenes.com\/blog\/sobre-el-club\/","title":{"rendered":"Sobre el Club"},"content":{"rendered":"<p>dasdasd<\/p>\n<p>asd<\/p>\n<p>asd<\/p>\n<p>asd<\/p>\n<p>asd<\/p>\n<p>asd<\/p>\n<!-- AddThis Advanced Settings generic via filter on the_content --><!-- AddThis Share Buttons generic via filter on the_content -->","protected":false},"excerpt":{"rendered":"<p>dasdasd asd asd asd asd asd<!-- AddThis Advanced Settings generic via filter on get_the_excerpt --><!-- AddThis Share Buttons generic via filter on get_the_excerpt --><\/p>\n","protected":false},"author":1,"featured_media":0,"parent":0,"menu_order":0,"comment_status":"closed","ping_status":"closed","template":"","meta":{"ngg_post_thumbnail":0,"spay_email":""},"jetpack_shortlink":"https:\/\/wp.me\/P76jMO-4","jetpack-related-posts":[{"id":2,"url":"http:\/\/www.uecvalltenes.com\/blog\/pagina-ejemplo\/","url_meta":{"origin":4,"position":0},"title":"P\u00e1gina de ejemplo","date":"3 gener, 2016","format":false,"excerpt":"Esto es una p\u00e1gina de ejemplo. Es diferente a una entrada porque permanece fija en un lugar y se mostrar\u00e1 en la navegaci\u00f3n de tu sitio (en la mayor\u00eda de los temas). La mayor\u00eda de la gente empieza con una p\u00e1gina de Acerca de, que les presenta a los potenciales\u2026","rel":"","context":"Similar post","img":{"alt_text":"","src":"","width":0,"height":0},"classes":[]}],"_links":{"self":[{"href":"http:\/\/www.uecvalltenes.com\/blog\/wp-json\/wp\/v2\/pages\/4"}],"collection":[{"href":"http:\/\/www.uecvalltenes.com\/blog\/wp-json\/wp\/v2\/pages"}],"about":[{"href":"http:\/\/www.uecvalltenes.com\/blog\/wp-json\/wp\/v2\/types\/page"}],"author":[{"embeddable":true,"href":"http:\/\/www.uecvalltenes.com\/blog\/wp-json\/wp\/v2\/users\/1"}],"replies":[{"embeddable":true,"href":"http:\/\/www.uecvalltenes.com\/blog\/wp-json\/wp\/v2\/comments?post=4"}],"version-history":[{"count":1,"href":"http:\/\/www.uecvalltenes.com\/blog\/wp-json\/wp\/v2\/pages\/4\/revisions"}],"predecessor-version":[{"id":5,"href":"http:\/\/www.uecvalltenes.com\/blog\/wp-json\/wp\/v2\/pages\/4\/revisions\/5"}],"wp:attachment":[{"href":"http:\/\/www.uecvalltenes.com\/blog\/wp-json\/wp\/v2\/media?parent=4"}],"curies":[{"name":"wp","href":"https:\/\/api.w.org\/{rel}","templated":true}]}}